{"id":81,"date":"2021-06-01T07:02:19","date_gmt":"2021-06-01T05:02:19","guid":{"rendered":"https:\/\/ligueechecsgrandest.fr\/?page_id=81"},"modified":"2025-07-06T08:26:32","modified_gmt":"2025-07-06T06:26:32","slug":"ag","status":"publish","type":"page","link":"https:\/\/ligueechecsgrandest.fr\/?page_id=81","title":{"rendered":"AG"},"content":{"rendered":"<p>Les PV et documents des AG plus anciennes peuvent \u00eatre obtenus par une demande par courriel.<\/p>\n<h2><strong>Assembl\u00e9e G\u00e9n\u00e9rale du 17 mai 2025<\/strong><\/h2>\n<p>PV d&rsquo;AG : <a href=\"http:\/\/ligueechecsgrandest.fr\/wp-content\/uploads\/2025\/07\/AG-LEGE-17.05.2025.pdf\">AG LEGE &#8211; 17.05.2025<\/a><\/p>\n<p>ANNEXE 1 &#8211; Rapport moral du Pr\u00e9sident : <a href=\"http:\/\/ligueechecsgrandest.fr\/wp-content\/uploads\/2025\/07\/ANNEXE-1-Rapport-moral-du-President-17.05.2025.pdf\">ANNEXE 1 &#8211; Rapport moral du President &#8211; 17.05.2025<\/a><\/p>\n<p>ANNEXE 2 &#8211; Rapport financier 2024 : <a href=\"http:\/\/ligueechecsgrandest.fr\/wp-content\/uploads\/2025\/07\/ANNEXE-2-Rapport-financier-2024-17.05.2025.pdf\">ANNEXE 2 &#8211; Rapport financier 2024 &#8211; 17.05.2025<\/a><\/p>\n<p>ANNEXE 3 &#8211; Rapport du reviseur aux comptes : <a href=\"http:\/\/ligueechecsgrandest.fr\/wp-content\/uploads\/2025\/07\/ANNEXE-3-Rapport-du-reviseur-aux-comptes-17.05.2025.pdf\">ANNEXE 3 &#8211; Rapport du reviseur aux comptes &#8211; 17.05.2025<\/a><\/p>\n<p>ANNEXE 4 &#8211; Pr\u00e9sentation Cr\u00e9ation emploi : <a href=\"http:\/\/ligueechecsgrandest.fr\/wp-content\/uploads\/2025\/07\/ANNEXE-4-Presentation-Creation-emploi-17.05.2025.pdf\">ANNEXE 4 &#8211; Presentation Creation emploi &#8211; 17.05.2025<\/a><\/p>\n<p>ANNEXE 5 &#8211; Budget Pr\u00e9visionnel 2025 : <a href=\"http:\/\/ligueechecsgrandest.fr\/wp-content\/uploads\/2025\/07\/ANNEXE-5-Budget-Previsionnel-2025-17.05.2025.pdf\">ANNEXE 5 &#8211; Budget Previsionnel 2025 &#8211; 17.05.2025<\/a><\/p>\n<p>Convocation : <a href=\"http:\/\/ligueechecsgrandest.fr\/wp-content\/uploads\/2025\/04\/AG-17052025-CONVOCATION-ordre-du-jour.pdf\">AG 2025 &#8211; Convocation<\/a><\/p>\n<p>Pouvoir : <a href=\"http:\/\/ligueechecsgrandest.fr\/wp-content\/uploads\/2025\/04\/AG-17052025-Bon_de_pouvoir.pdf\">AG 2025 &#8211; Pouvoir<\/a><\/p>\n<h2><strong>Assembl\u00e9e G\u00e9n\u00e9rale 2024<\/strong><\/h2>\n<p style=\"padding-left: 40px;\"><a href=\"http:\/\/ligueechecsgrandest.fr\/wp-content\/uploads\/2024\/03\/AG-2024-Convocation.pdf\">AG 2024 &#8211; Convocation<\/a><br \/>\n<a href=\"http:\/\/ligueechecsgrandest.fr\/wp-content\/uploads\/2024\/03\/AG-LEGE-23-03-2024-Compte-rendu-AG.pdf\">AG 2024 &#8211; Compte-rendu de s\u00e9ance<\/a><br \/>\n<a href=\"http:\/\/ligueechecsgrandest.fr\/wp-content\/uploads\/2024\/03\/Annexe-0-AG-2024-Presentation-generale.pdf\">AG 2024 &#8211; Annexe 0 &#8211; Pr\u00e9sentation g\u00e9n\u00e9rale<\/a><br \/>\n<a href=\"http:\/\/ligueechecsgrandest.fr\/wp-content\/uploads\/2024\/03\/AG-2024-Annexe-1-Rapport-moral.pdf\">AG 2024 &#8211; Annexe 1 &#8211; Rapport moral<\/a><br \/>\n<a href=\"http:\/\/ligueechecsgrandest.fr\/wp-content\/uploads\/2024\/03\/AG-2024-Annexe-2-Rapport-financier-2023.pdf\">AG 2024 &#8211; Annexe 2 &#8211; Rapport financier 2023<\/a><br \/>\n<a href=\"http:\/\/ligueechecsgrandest.fr\/wp-content\/uploads\/2024\/03\/AG-2024-Annexe-2-Situation-financiere.pdf\">AG 2024 &#8211; Annexe 2 &#8211; Situation financi\u00e8re<\/a><br \/>\n<a href=\"http:\/\/ligueechecsgrandest.fr\/wp-content\/uploads\/2024\/03\/AG-2024-Annexe-3-Rapport-du-verificateur-aux-comptes.pdf\">AG 2024 &#8211; Annexe 3 &#8211; Rapport du v\u00e9rificateur aux comptes<\/a><br \/>\n<a href=\"http:\/\/ligueechecsgrandest.fr\/wp-content\/uploads\/2024\/03\/AG-2024-Annexe-4-Budget-previsionnel-2024.pdf\">AG 2024 &#8211; Annexe 4 &#8211; Budget pr\u00e9visionnel 2024<\/a><br \/>\n<a href=\"http:\/\/ligueechecsgrandest.fr\/wp-content\/uploads\/2024\/03\/AG-2024-Annexe-5-Commission-Jeunes-et-scolaires.pdf\">AG 2024 &#8211; Annexe 5 &#8211; Commission Jeunes et scolaires<\/a><br \/>\n<a href=\"http:\/\/ligueechecsgrandest.fr\/wp-content\/uploads\/2024\/03\/AG-2024-Annexe-6-Direction-Technique-Regionale.pdf\">AG 2024 &#8211; Annexe 6 &#8211; Direction Technique R\u00e9gionale<\/a><\/p>\n<h2><strong><em><br \/>\nAssembl\u00e9e G\u00e9n\u00e9rale 2023<\/em><\/strong><\/h2>\n<p style=\"padding-left: 40px;\"><a href=\"http:\/\/ligueechecsgrandest.fr\/wp-content\/uploads\/2023\/03\/AG-LEGE-25-03-2023-Convocation.pdf\">AG 2023 &#8211; Convocation<\/a><br \/>\n<a href=\"http:\/\/ligueechecsgrandest.fr\/wp-content\/uploads\/2023\/04\/AG-2023-Proces-verbal-de-seance.pdf\">AG 2023 &#8211; Proc\u00e8s-verbal de s\u00e9ance<\/a><br \/>\n<a href=\"http:\/\/ligueechecsgrandest.fr\/wp-content\/uploads\/2023\/04\/AG-2023-Annexe-0-Presentation-generale.pdf\" target=\"_blank\" rel=\"noopener\">AG 2023 &#8211; Annexe 0 &#8211; Pr\u00e9sentation g\u00e9n\u00e9rale<\/a><br \/>\n<a href=\"http:\/\/ligueechecsgrandest.fr\/wp-content\/uploads\/2023\/03\/AG-LEGE-2023-Rapport-moral.pdf\" target=\"_blank\" rel=\"noopener\">AG 2023 &#8211; Annexe 1 &#8211; Rapport moral<\/a><br \/>\n<a href=\"http:\/\/ligueechecsgrandest.fr\/wp-content\/uploads\/2023\/03\/AG-2023-Rapport-financier.pdf\" target=\"_blank\" rel=\"noopener\">AG 2023 &#8211; Annexe 2 &#8211; Rapport financier<\/a><br \/>\n<a href=\"http:\/\/ligueechecsgrandest.fr\/wp-content\/uploads\/2023\/03\/AG-LEGE-2023-Rapport-du-verificateur-aux-comptes.pdf\" target=\"_blank\" rel=\"noopener\">AG 2023 &#8211; Annexe 3 &#8211; Rapport du v\u00e9rificateur aux comptes<\/a><br \/>\n<a href=\"http:\/\/ligueechecsgrandest.fr\/wp-content\/uploads\/2023\/03\/Rapport-jeunes-et-scolaire.pdf\" target=\"_blank\" rel=\"noopener\">AG 2023 &#8211; Annexe 4 &#8211; Rapport jeunes et scolaires<\/a><\/p>\n<h2><em><strong>Assembl\u00e9e G\u00e9n\u00e9rale 2022<\/strong><\/em><\/h2>\n<p style=\"padding-left: 40px;\"><a href=\"http:\/\/ligueechecsgrandest.fr\/wp-content\/uploads\/2022\/03\/2022-03-19-Ordre-du-jour-AGO-LEGE-2022.pdf\" target=\"_blank\" rel=\"noopener\">AG-2022 &#8211; Ordre du jour<\/a><br \/>\n<a href=\"http:\/\/ligueechecsgrandest.fr\/wp-content\/uploads\/2022\/03\/AG-2022-PV-de-seance.pdf\" target=\"_blank\" rel=\"noopener\">AG 2022 &#8211; PV de s\u00e9ance<\/a><br \/>\n<a href=\"http:\/\/ligueechecsgrandest.fr\/wp-content\/uploads\/2022\/03\/AG-2022-Annexe-1-Rapport-moral.pdf\">AG 2022 &#8211; Annexe 1 &#8211; Rapport moral<\/a><br \/>\n<a href=\"http:\/\/ligueechecsgrandest.fr\/wp-content\/uploads\/2022\/03\/AG-2022-Annexe-2-Rapport-financier.pdf\" target=\"_blank\" rel=\"noopener\">AG 2022 &#8211; Annexe 2 &#8211; Rapport financier<\/a><br \/>\n<a href=\"http:\/\/ligueechecsgrandest.fr\/wp-content\/uploads\/2022\/03\/AG-2022-Annexe-3-Rapport-du-verificateur-aux-comptes.pdf\" target=\"_blank\" rel=\"noopener\">AG 2022 &#8211; Annexe 3 &#8211; Rapport du v\u00e9rificateur aux comptes<\/a><br \/>\n<a href=\"http:\/\/ligueechecsgrandest.fr\/wp-content\/uploads\/2022\/03\/AG-2022-Annexe-4-Rapport-des-Commissions.pdf\" target=\"_blank\" rel=\"noopener\">AG 2022 &#8211; Annexe 4 &#8211; Rapport des Commissions<\/a><br \/>\n<a href=\"http:\/\/ligueechecsgrandest.fr\/wp-content\/uploads\/2022\/03\/AG-2022-Annexe-4a-Rapport-Commission-Jeunes-et-Scolaires.pdf\" target=\"_blank\" rel=\"noopener\">AG 2022 &#8211; Annexe 4a &#8211; Rapport Commission Jeunes et Scolaires<\/a><br \/>\n<a href=\"http:\/\/ligueechecsgrandest.fr\/wp-content\/uploads\/2022\/03\/AG-2022-Annexe-5-Resultat-du-vote-electronique.jpg\" target=\"_blank\" rel=\"noopener\">AG 2022 &#8211; Annexe 5 &#8211; R\u00e9sultat du vote \u00e9lectronique<\/a><\/p>\n<h2><em><strong>Assembl\u00e9e G\u00e9n\u00e9rale 2021<\/strong><\/em><\/h2>\n<p style=\"padding-left: 40px;\"><a href=\"http:\/\/ligueechecsgrandest.fr\/wp-content\/uploads\/2021\/06\/AG-2021-Ordre-du-jour.pdf\">AG-2021 &#8211; Ordre du jour<\/a><br \/>\n<a href=\"http:\/\/ligueechecsgrandest.fr\/wp-content\/uploads\/2021\/06\/AG-2021-PV-du-vote-des-resoltutions.pdf\">AG-2021 &#8211; PV du vote des r\u00e9solutions<\/a><br \/>\n<a href=\"http:\/\/ligueechecsgrandest.fr\/wp-content\/uploads\/2021\/06\/AG-2021-Rapport-general-dactivie-Regis-NOIZET.pdf\">AG-2021 &#8211; Rapport g\u00e9n\u00e9ral d&rsquo;activit\u00e9 &#8211; R\u00e9gis NOIZET<\/a><br \/>\n<a href=\"http:\/\/ligueechecsgrandest.fr\/wp-content\/uploads\/2021\/06\/AG-2021-Rapport-Financier.pdf\">AG-2021 &#8211; Rapport Financier<\/a><br \/>\n<a href=\"http:\/\/ligueechecsgrandest.fr\/wp-content\/uploads\/2021\/06\/AG-2021-Rapport-des-Commissions.pdf\">AG-2021 &#8211; Rapport des Commissions<\/a><\/p>\n<h2><em><strong>Assembl\u00e9e G\u00e9n\u00e9rale 2020 (\u00e9lective)<\/strong><\/em><\/h2>\n<p style=\"padding-left: 40px;\"><a href=\"http:\/\/ligueechecsgrandest.fr\/wp-content\/uploads\/2021\/06\/2020-11-28-PV-AG.pdf\">AG-2020 &#8211; PV des votes &#8211; \u00e9lection et r\u00e9solutions<\/a><br \/>\n<a href=\"http:\/\/ligueechecsgrandest.fr\/wp-content\/uploads\/2021\/06\/2020-11-28-PV-AG-Annexe-1-Rapport-moral.pdf\">AG-2020 &#8211; Rapport moral<\/a><br \/>\n<a href=\"http:\/\/ligueechecsgrandest.fr\/wp-content\/uploads\/2021\/06\/2020-11-28-PV-AG-Annexe-2-Rapport-financier.pdf\">AG-2020 &#8211; Rapport Financier<\/a><br \/>\n<a href=\"http:\/\/ligueechecsgrandest.fr\/wp-content\/uploads\/2021\/06\/2020-11-28-PV-AG-Annexe-3-Rapport-des-commisisons.pdf\">AG-2020 &#8211; Rapport des Commissions<\/a><\/p>\n","protected":false},"excerpt":{"rendered":"<p>Les PV et documents des AG plus anciennes peuvent \u00eatre obtenus par une demande par courriel. Assembl\u00e9e G\u00e9n\u00e9rale du 17 mai 2025 PV d&rsquo;AG : AG LEGE &#8211; 17.05.2025 ANNEXE 1 &#8211; Rapport moral du Pr\u00e9sident : ANNEXE 1 &#8211; &hellip; <a href=\"https:\/\/ligueechecsgrandest.fr\/?page_id=81\">Continuer la lecture <span class=\"meta-nav\">&rarr;<\/span><\/a><\/p>\n","protected":false},"author":1,"featured_media":0,"parent":0,"menu_order":0,"comment_status":"closed","ping_status":"closed","template":"onecolumn-page.php","meta":{"_EventAllDay":false,"_EventTimezone":"","_EventStartDate":"","_EventEndDate":"","_EventStartDateUTC":"","_EventEndDateUTC":"","_EventShowMap":false,"_EventShowMapLink":false,"_EventURL":"","_EventCost":"","_EventCostDescription":"","_EventCurrencySymbol":"","_EventCurrencyCode":"","_EventCurrencyPosition":"","_EventDateTimeSeparator":"","_EventTimeRangeSeparator":"","_EventOrganizerID":[],"_EventVenueID":[],"_OrganizerEmail":"","_OrganizerPhone":"","_OrganizerWebsite":"","_VenueAddress":"","_VenueCity":"","_VenueCountry":"","_VenueProvince":"","_VenueState":"","_VenueZip":"","_VenuePhone":"","_VenueURL":"","_VenueStateProvince":"","_VenueLat":"","_VenueLng":"","_VenueShowMap":false,"_VenueShowMapLink":false,"footnotes":""},"class_list":["post-81","page","type-page","status-publish","hentry"],"aioseo_notices":[],"_links":{"self":[{"href":"https:\/\/ligueechecsgrandest.fr\/index.php?rest_route=\/wp\/v2\/pages\/81","targetHints":{"allow":["GET"]}}],"collection":[{"href":"https:\/\/ligueechecsgrandest.fr\/index.php?rest_route=\/wp\/v2\/pages"}],"about":[{"href":"https:\/\/ligueechecsgrandest.fr\/index.php?rest_route=\/wp\/v2\/types\/page"}],"author":[{"embeddable":true,"href":"https:\/\/ligueechecsgrandest.fr\/index.php?rest_route=\/wp\/v2\/users\/1"}],"replies":[{"embeddable":true,"href":"https:\/\/ligueechecsgrandest.fr\/index.php?rest_route=%2Fwp%2Fv2%2Fcomments&post=81"}],"version-history":[{"count":27,"href":"https:\/\/ligueechecsgrandest.fr\/index.php?rest_route=\/wp\/v2\/pages\/81\/revisions"}],"predecessor-version":[{"id":5239,"href":"https:\/\/ligueechecsgrandest.fr\/index.php?rest_route=\/wp\/v2\/pages\/81\/revisions\/5239"}],"wp:attachment":[{"href":"https:\/\/ligueechecsgrandest.fr\/index.php?rest_route=%2Fwp%2Fv2%2Fmedia&parent=81"}],"curies":[{"name":"wp","href":"https:\/\/api.w.org\/{rel}","templated":true}]}}