{"id":801,"date":"2021-08-23T20:53:31","date_gmt":"2021-08-23T18:53:31","guid":{"rendered":"https:\/\/ligueechecsgrandest.fr\/?page_id=801"},"modified":"2026-03-30T11:17:02","modified_gmt":"2026-03-30T09:17:02","slug":"national-1","status":"publish","type":"page","link":"https:\/\/ligueechecsgrandest.fr\/?page_id=801","title":{"rendered":"Nationale 1"},"content":{"rendered":"<p><strong><em>Saison 2025\/2026<\/em><\/strong><\/p>\n<div class=\"xdj266r x11i5rnm xat24cr x1mh8g0r x1vvkbs x126k92a\">\n<p>Les r\u00e9sultats de N1 &#8211; Groupe A : <a href=\"https:\/\/www.echecs.asso.fr\/EquipesCalendrier.aspx?Ref=25&amp;Saison=3000\">https:\/\/www.echecs.asso.fr\/EquipesCalendrier.aspx?Ref=25&amp;Saison=3000<\/a><\/p>\n<p style=\"text-align: center;\"><img loading=\"lazy\" decoding=\"async\" class=\"alignnone wp-image-6355\" src=\"http:\/\/ligueechecsgrandest.fr\/wp-content\/uploads\/2026\/03\/20252026n1a-300x203.png\" alt=\"\" width=\"386\" height=\"261\" srcset=\"https:\/\/ligueechecsgrandest.fr\/wp-content\/uploads\/2026\/03\/20252026n1a-300x203.png 300w, https:\/\/ligueechecsgrandest.fr\/wp-content\/uploads\/2026\/03\/20252026n1a.png 407w\" sizes=\"auto, (max-width: 386px) 100vw, 386px\" \/><\/p>\n<p>Les r\u00e9sultats de N1 &#8211; Groupe B : <a href=\"https:\/\/www.echecs.asso.fr\/EquipesCalendrier.aspx?Ref=26&amp;Saison=3000\">https:\/\/www.echecs.asso.fr\/EquipesCalendrier.aspx?Ref=26&amp;Saison=3000<\/a><\/p>\n<p style=\"text-align: center;\"><img loading=\"lazy\" decoding=\"async\" class=\"alignnone wp-image-6356\" src=\"http:\/\/ligueechecsgrandest.fr\/wp-content\/uploads\/2026\/03\/20252026n1b-300x204.png\" alt=\"\" width=\"371\" height=\"252\" srcset=\"https:\/\/ligueechecsgrandest.fr\/wp-content\/uploads\/2026\/03\/20252026n1b-300x204.png 300w, https:\/\/ligueechecsgrandest.fr\/wp-content\/uploads\/2026\/03\/20252026n1b.png 408w\" sizes=\"auto, (max-width: 371px) 100vw, 371px\" \/><\/p>\n<p dir=\"auto\" style=\"text-align: center;\">****<\/p>\n<\/div>\n<p><strong><em>Saison 2024\/2025<\/em><\/strong><\/p>\n<div class=\"xdj266r x11i5rnm xat24cr x1mh8g0r x1vvkbs x126k92a\">\n<p dir=\"auto\">La saison 2024-2025 a vu 3 \u00e9quipes du Grand Est disputer le championnat de N1. Le groupe, tr\u00e8s \u00e9tendu g\u00e9ographiquement, \u00e9tait constitu\u00e9 de 5 \u00e9quipes premi\u00e8res et de 5 \u00e9quipes r\u00e9serves (th\u00e9oriquement non concern\u00e9es par la mont\u00e9e si leurs \u00e9quipes 1 se maintiennent en Top16).<\/p>\n<\/div>\n<div dir=\"auto\">Apr\u00e8s un d\u00e9part canon ponctu\u00e9 de 5 victoires en autant de rondes, Strasbourg a quelques peu faibli par la suite mais d\u00e9croche la 2\u00e8me place (derri\u00e8re les invincibles r\u00e9servistes Marseillais), ce qui, sauf impr\u00e9vu, est synonyme d&rsquo;accession parmi l&rsquo;\u00e9lite des \u00e9checs fran\u00e7ais la saison prochaine.<\/div>\n<div dir=\"auto\">Parcours tr\u00e8s s\u00e9rieux de Mulhouse 2 qui obtient une encourageante 4\u00e8me place et repartira donc dans cette division dans quelques mois.<\/div>\n<div dir=\"auto\">Parcours quasi similaire pour Nancy Stanislas qui se classe juste derri\u00e8re ses homologues alsaciens et rempilera donc en N1 \u00e0 la rentr\u00e9e.<\/div>\n<div class=\"x11i5rnm xat24cr x1mh8g0r x1vvkbs xtlvy1s x126k92a\">\n<p dir=\"auto\">Toutes nos f\u00e9licitations aux joueurs, entraineurs, arbitres et b\u00e9n\u00e9voles de Strasbourg, Mulhouse et Nancy Stanislas !!!!<\/p>\n<p dir=\"auto\"><img loading=\"lazy\" decoding=\"async\" class=\"wp-image-4676 aligncenter\" src=\"http:\/\/ligueechecsgrandest.fr\/wp-content\/uploads\/2025\/03\/20242025n1classement-300x205.jpg\" alt=\"\" width=\"533\" height=\"364\" srcset=\"https:\/\/ligueechecsgrandest.fr\/wp-content\/uploads\/2025\/03\/20242025n1classement-300x205.jpg 300w, https:\/\/ligueechecsgrandest.fr\/wp-content\/uploads\/2025\/03\/20242025n1classement.jpg 410w\" sizes=\"auto, (max-width: 533px) 100vw, 533px\" \/><\/p>\n<\/div>\n<p style=\"text-align: center;\">****<\/p>\n<p style=\"text-align: left;\"><strong><em>Saison 2023\/2024<\/em><\/strong><\/p>\n<p>La saison 2023-2024 a rendu son verdict voil\u00e0 quelques jours. Parmi les 10 \u00e9quipes en lice dans le groupe B, pas moins de 5 repr\u00e9sentaient notre R\u00e9gion.<\/p>\n<p>A l&rsquo;issue d&rsquo;un parcours parfait, ponctu\u00e9 de 9 victoires en autant de rondes, Vandoeuvre d\u00e9croche le titre et retrouvera l&rsquo;\u00e9lite la saison prochaine.<\/p>\n<p>Le podium est 100% Grand Est puisque Mulhouse Philidor 2 et Strasbourg confirment la bonne sant\u00e9 de nos \u00e9quipes.<\/p>\n<p>Comp\u00e9tition tranquille pour Nancy Stanislas qui se classe en milieu de tableau tandis que Mundolsheim, 9\u00e8me, descend d&rsquo;un \u00e9tage.<\/p>\n<p><img loading=\"lazy\" decoding=\"async\" class=\"wp-image-2701 aligncenter\" src=\"http:\/\/ligueechecsgrandest.fr\/wp-content\/uploads\/2024\/04\/20232024n1bclassement-300x205.jpg\" alt=\"\" width=\"446\" height=\"305\" srcset=\"https:\/\/ligueechecsgrandest.fr\/wp-content\/uploads\/2024\/04\/20232024n1bclassement-300x205.jpg 300w, https:\/\/ligueechecsgrandest.fr\/wp-content\/uploads\/2024\/04\/20232024n1bclassement-768x524.jpg 768w, https:\/\/ligueechecsgrandest.fr\/wp-content\/uploads\/2024\/04\/20232024n1bclassement.jpg 807w\" sizes=\"auto, (max-width: 446px) 100vw, 446px\" \/><\/p>\n<p style=\"text-align: center;\">****<\/p>\n<p><strong><em>Saison 2022\/2023<\/em><\/strong><\/p>\n<p><a href=\"http:\/\/www.echecs.asso.fr\/Equipes.aspx?Groupe=26\" target=\"_blank\" rel=\"noopener\">FFE &#8211; National 1 groupe B<\/a><\/p>\n<p style=\"text-align: center;\">****<\/p>\n<p style=\"text-align: left;\"><strong><em>Saison 2021\/2022<\/em><\/strong><\/p>\n<p>Bravo au <em><strong><span style=\"color: #993366;\">club de Strasbourg<\/span><\/strong><\/em> qui a termin\u00e9 1er de son groupe pour la saison 2021\/2022 et qui rejoindra donc le TOP 16.<\/p>\n<p>Bravo \u00e9galement au <em><strong><span style=\"color: #993366;\">club de Nancy Stanislas<\/span><\/strong><\/em> qui finit 2\u00e8me dans ce m\u00eame groupe.<\/p>\n<p>&nbsp;<\/p>\n<p>&nbsp;<\/p>\n","protected":false},"excerpt":{"rendered":"<p>Saison 2025\/2026 Les r\u00e9sultats de N1 &#8211; Groupe A : https:\/\/www.echecs.asso.fr\/EquipesCalendrier.aspx?Ref=25&amp;Saison=3000 Les r\u00e9sultats de N1 &#8211; Groupe B : https:\/\/www.echecs.asso.fr\/EquipesCalendrier.aspx?Ref=26&amp;Saison=3000 **** Saison 2024\/2025 La saison 2024-2025 a vu 3 \u00e9quipes du Grand Est disputer le championnat de N1. Le groupe, &hellip; <a href=\"https:\/\/ligueechecsgrandest.fr\/?page_id=801\">Continuer la lecture <span class=\"meta-nav\">&rarr;<\/span><\/a><\/p>\n","protected":false},"author":1,"featured_media":0,"parent":0,"menu_order":0,"comment_status":"closed","ping_status":"closed","template":"","meta":{"_EventAllDay":false,"_EventTimezone":"","_EventStartDate":"","_EventEndDate":"","_EventStartDateUTC":"","_EventEndDateUTC":"","_EventShowMap":false,"_EventShowMapLink":false,"_EventURL":"","_EventCost":"","_EventCostDescription":"","_EventCurrencySymbol":"","_EventCurrencyCode":"","_EventCurrencyPosition":"","_EventDateTimeSeparator":"","_EventTimeRangeSeparator":"","_EventOrganizerID":[],"_EventVenueID":[],"_OrganizerEmail":"","_OrganizerPhone":"","_OrganizerWebsite":"","_VenueAddress":"","_VenueCity":"","_VenueCountry":"","_VenueProvince":"","_VenueState":"","_VenueZip":"","_VenuePhone":"","_VenueURL":"","_VenueStateProvince":"","_VenueLat":"","_VenueLng":"","_VenueShowMap":false,"_VenueShowMapLink":false,"footnotes":""},"class_list":["post-801","page","type-page","status-publish","hentry"],"aioseo_notices":[],"_links":{"self":[{"href":"https:\/\/ligueechecsgrandest.fr\/index.php?rest_route=\/wp\/v2\/pages\/801","targetHints":{"allow":["GET"]}}],"collection":[{"href":"https:\/\/ligueechecsgrandest.fr\/index.php?rest_route=\/wp\/v2\/pages"}],"about":[{"href":"https:\/\/ligueechecsgrandest.fr\/index.php?rest_route=\/wp\/v2\/types\/page"}],"author":[{"embeddable":true,"href":"https:\/\/ligueechecsgrandest.fr\/index.php?rest_route=\/wp\/v2\/users\/1"}],"replies":[{"embeddable":true,"href":"https:\/\/ligueechecsgrandest.fr\/index.php?rest_route=%2Fwp%2Fv2%2Fcomments&post=801"}],"version-history":[{"count":27,"href":"https:\/\/ligueechecsgrandest.fr\/index.php?rest_route=\/wp\/v2\/pages\/801\/revisions"}],"predecessor-version":[{"id":6371,"href":"https:\/\/ligueechecsgrandest.fr\/index.php?rest_route=\/wp\/v2\/pages\/801\/revisions\/6371"}],"wp:attachment":[{"href":"https:\/\/ligueechecsgrandest.fr\/index.php?rest_route=%2Fwp%2Fv2%2Fmedia&parent=801"}],"curies":[{"name":"wp","href":"https:\/\/api.w.org\/{rel}","templated":true}]}}