{"id":4035,"date":"2024-12-17T20:47:20","date_gmt":"2024-12-17T19:47:20","guid":{"rendered":"https:\/\/ligueechecsgrandest.fr\/?page_id=4035"},"modified":"2024-12-19T20:25:59","modified_gmt":"2024-12-19T19:25:59","slug":"delphine-davidou-relations-avec-les-cdje","status":"publish","type":"page","link":"https:\/\/ligueechecsgrandest.fr\/?page_id=4035","title":{"rendered":"Delphine Davidou &#8211; Relations avec les CDJE"},"content":{"rendered":"<p style=\"text-align: center;\"><img loading=\"lazy\" decoding=\"async\" class=\"alignnone size-medium wp-image-4036 alignleft\" src=\"http:\/\/ligueechecsgrandest.fr\/wp-content\/uploads\/2024\/12\/Image2-300x300.png\" alt=\"\" width=\"300\" height=\"300\" srcset=\"https:\/\/ligueechecsgrandest.fr\/wp-content\/uploads\/2024\/12\/Image2-300x300.png 300w, https:\/\/ligueechecsgrandest.fr\/wp-content\/uploads\/2024\/12\/Image2-150x150.png 150w, https:\/\/ligueechecsgrandest.fr\/wp-content\/uploads\/2024\/12\/Image2.png 389w\" sizes=\"auto, (max-width: 300px) 100vw, 300px\" \/><\/p>\n<p>Je suis juriste de formation mais je me suis plut\u00f4t dirig\u00e9e vers le social en aidant des enfants en situation de handicap au sein des \u00e9tablissements scolaires.<\/p>\n<p>Je suis Pr\u00e9sidente de Stanislas Echecs depuis quelques ann\u00e9es. Je suis \u00e9galement salari\u00e9e du club depuis 2 ans en tant que responsable administrative et animatrice dans les \u00e9coles .<\/p>\n<p>Je joue aux \u00e9checs depuis que j\u2019ai une dizaine d\u2019ann\u00e9es mais je n\u2019ai ouvert la porte d\u2019un club qu\u2019en 2013. Je joue en N1 f\u00e9minine et en NIV\/NIII. Je suis aussi maman d\u2019une petite fille de 1 an.<\/p>\n","protected":false},"excerpt":{"rendered":"<p>Je suis juriste de formation mais je me suis plut\u00f4t dirig\u00e9e vers le social en aidant des enfants en situation de handicap au sein des \u00e9tablissements scolaires. Je suis Pr\u00e9sidente de Stanislas Echecs depuis quelques ann\u00e9es. Je suis \u00e9galement salari\u00e9e &hellip; <a href=\"https:\/\/ligueechecsgrandest.fr\/?page_id=4035\">Continuer la lecture <span class=\"meta-nav\">&rarr;<\/span><\/a><\/p>\n","protected":false},"author":3,"featured_media":0,"parent":0,"menu_order":0,"comment_status":"closed","ping_status":"closed","template":"","meta":{"_EventAllDay":false,"_EventTimezone":"","_EventStartDate":"","_EventEndDate":"","_EventStartDateUTC":"","_EventEndDateUTC":"","_EventShowMap":false,"_EventShowMapLink":false,"_EventURL":"","_EventCost":"","_EventCostDescription":"","_EventCurrencySymbol":"","_EventCurrencyCode":"","_EventCurrencyPosition":"","_EventDateTimeSeparator":"","_EventTimeRangeSeparator":"","_EventOrganizerID":[],"_EventVenueID":[],"_OrganizerEmail":"","_OrganizerPhone":"","_OrganizerWebsite":"","_VenueAddress":"","_VenueCity":"","_VenueCountry":"","_VenueProvince":"","_VenueState":"","_VenueZip":"","_VenuePhone":"","_VenueURL":"","_VenueStateProvince":"","_VenueLat":"","_VenueLng":"","_VenueShowMap":false,"_VenueShowMapLink":false,"footnotes":""},"class_list":["post-4035","page","type-page","status-publish","hentry"],"aioseo_notices":[],"_links":{"self":[{"href":"https:\/\/ligueechecsgrandest.fr\/index.php?rest_route=\/wp\/v2\/pages\/4035","targetHints":{"allow":["GET"]}}],"collection":[{"href":"https:\/\/ligueechecsgrandest.fr\/index.php?rest_route=\/wp\/v2\/pages"}],"about":[{"href":"https:\/\/ligueechecsgrandest.fr\/index.php?rest_route=\/wp\/v2\/types\/page"}],"author":[{"embeddable":true,"href":"https:\/\/ligueechecsgrandest.fr\/index.php?rest_route=\/wp\/v2\/users\/3"}],"replies":[{"embeddable":true,"href":"https:\/\/ligueechecsgrandest.fr\/index.php?rest_route=%2Fwp%2Fv2%2Fcomments&post=4035"}],"version-history":[{"count":2,"href":"https:\/\/ligueechecsgrandest.fr\/index.php?rest_route=\/wp\/v2\/pages\/4035\/revisions"}],"predecessor-version":[{"id":4075,"href":"https:\/\/ligueechecsgrandest.fr\/index.php?rest_route=\/wp\/v2\/pages\/4035\/revisions\/4075"}],"wp:attachment":[{"href":"https:\/\/ligueechecsgrandest.fr\/index.php?rest_route=%2Fwp%2Fv2%2Fmedia&parent=4035"}],"curies":[{"name":"wp","href":"https:\/\/api.w.org\/{rel}","templated":true}]}}