{"id":4009,"date":"2024-12-17T20:21:52","date_gmt":"2024-12-17T19:21:52","guid":{"rendered":"https:\/\/ligueechecsgrandest.fr\/?page_id=4009"},"modified":"2024-12-17T20:21:52","modified_gmt":"2024-12-17T19:21:52","slug":"stephane-jouniaux-directeur-de-la-communication","status":"publish","type":"page","link":"https:\/\/ligueechecsgrandest.fr\/?page_id=4009","title":{"rendered":"St\u00e9phane Jouniaux : Directeur de la Communication"},"content":{"rendered":"<p style=\"text-align: center;\"><img loading=\"lazy\" decoding=\"async\" class=\"alignnone size-medium wp-image-4010 alignleft\" src=\"http:\/\/ligueechecsgrandest.fr\/wp-content\/uploads\/2024\/12\/1000007388-225x300.jpg\" alt=\"\" width=\"225\" height=\"300\" srcset=\"https:\/\/ligueechecsgrandest.fr\/wp-content\/uploads\/2024\/12\/1000007388-225x300.jpg 225w, https:\/\/ligueechecsgrandest.fr\/wp-content\/uploads\/2024\/12\/1000007388-768x1024.jpg 768w, https:\/\/ligueechecsgrandest.fr\/wp-content\/uploads\/2024\/12\/1000007388-1152x1536.jpg 1152w, https:\/\/ligueechecsgrandest.fr\/wp-content\/uploads\/2024\/12\/1000007388-1536x2048.jpg 1536w, https:\/\/ligueechecsgrandest.fr\/wp-content\/uploads\/2024\/12\/1000007388-scaled.jpg 1920w\" sizes=\"auto, (max-width: 225px) 100vw, 225px\" \/><\/p>\n<p>Je suis Charg\u00e9 d\u2019Op\u00e9rations en Am\u00e9nagement Urbain au sein de Plurial Novilia \u2013 Groupe Action Logement. Je suis \u00e9galement intervenant \u00e0 l\u2019Universit\u00e9 de Reims dans le domaine des Travaux Publics. J\u2019habite \u00e0 Reims avec ma compagne et suis p\u00e8re de 2 enfants \u00e2g\u00e9s de 22 et 24 ans.<\/p>\n<p>Arriv\u00e9 au club de\u00a0 Reims en 2005 avec un de mes fils, j\u2019ai connu le parcours classique du parent accompagnateur, puis b\u00e9n\u00e9vole, puis gestionnaire des r\u00e9seaux sociaux ( 15 ans ) puis Pr\u00e9sident ( 12 ans )s. J\u2019ai \u00e9galement \u00e9t\u00e9 \u00e9lu au CD de la Ligue CHA avant la fusion et suis membre du CD de la LEGE depuis sa cr\u00e9ation. Je m\u2019occupe des r\u00e9seaux sociaux de la LEGE depuis 2017 avec une coupure de 2021 \u00e0 2023. N\u2019\u00e9tant pas un joueur d\u2019\u00e9checs \u00e0 proprement parler, je souhaite apporter une vision ext\u00e9rieure sur les \u00e9checs en g\u00e9n\u00e9ral et plus particuli\u00e8rement dans le domaine de la Communication.<\/p>\n","protected":false},"excerpt":{"rendered":"<p>Je suis Charg\u00e9 d\u2019Op\u00e9rations en Am\u00e9nagement Urbain au sein de Plurial Novilia \u2013 Groupe Action Logement. Je suis \u00e9galement intervenant \u00e0 l\u2019Universit\u00e9 de Reims dans le domaine des Travaux Publics. J\u2019habite \u00e0 Reims avec ma compagne et suis p\u00e8re de &hellip; <a href=\"https:\/\/ligueechecsgrandest.fr\/?page_id=4009\">Continuer la lecture <span class=\"meta-nav\">&rarr;<\/span><\/a><\/p>\n","protected":false},"author":3,"featured_media":0,"parent":0,"menu_order":0,"comment_status":"closed","ping_status":"closed","template":"","meta":{"_EventAllDay":false,"_EventTimezone":"","_EventStartDate":"","_EventEndDate":"","_EventStartDateUTC":"","_EventEndDateUTC":"","_EventShowMap":false,"_EventShowMapLink":false,"_EventURL":"","_EventCost":"","_EventCostDescription":"","_EventCurrencySymbol":"","_EventCurrencyCode":"","_EventCurrencyPosition":"","_EventDateTimeSeparator":"","_EventTimeRangeSeparator":"","_EventOrganizerID":[],"_EventVenueID":[],"_OrganizerEmail":"","_OrganizerPhone":"","_OrganizerWebsite":"","_VenueAddress":"","_VenueCity":"","_VenueCountry":"","_VenueProvince":"","_VenueState":"","_VenueZip":"","_VenuePhone":"","_VenueURL":"","_VenueStateProvince":"","_VenueLat":"","_VenueLng":"","_VenueShowMap":false,"_VenueShowMapLink":false,"footnotes":""},"class_list":["post-4009","page","type-page","status-publish","hentry"],"aioseo_notices":[],"_links":{"self":[{"href":"https:\/\/ligueechecsgrandest.fr\/index.php?rest_route=\/wp\/v2\/pages\/4009","targetHints":{"allow":["GET"]}}],"collection":[{"href":"https:\/\/ligueechecsgrandest.fr\/index.php?rest_route=\/wp\/v2\/pages"}],"about":[{"href":"https:\/\/ligueechecsgrandest.fr\/index.php?rest_route=\/wp\/v2\/types\/page"}],"author":[{"embeddable":true,"href":"https:\/\/ligueechecsgrandest.fr\/index.php?rest_route=\/wp\/v2\/users\/3"}],"replies":[{"embeddable":true,"href":"https:\/\/ligueechecsgrandest.fr\/index.php?rest_route=%2Fwp%2Fv2%2Fcomments&post=4009"}],"version-history":[{"count":1,"href":"https:\/\/ligueechecsgrandest.fr\/index.php?rest_route=\/wp\/v2\/pages\/4009\/revisions"}],"predecessor-version":[{"id":4011,"href":"https:\/\/ligueechecsgrandest.fr\/index.php?rest_route=\/wp\/v2\/pages\/4009\/revisions\/4011"}],"wp:attachment":[{"href":"https:\/\/ligueechecsgrandest.fr\/index.php?rest_route=%2Fwp%2Fv2%2Fmedia&parent=4009"}],"curies":[{"name":"wp","href":"https:\/\/api.w.org\/{rel}","templated":true}]}}