{"id":3397,"date":"2024-09-07T17:51:11","date_gmt":"2024-09-07T15:51:11","guid":{"rendered":"https:\/\/ligueechecsgrandest.fr\/?page_id=3397"},"modified":"2024-09-07T18:14:43","modified_gmt":"2024-09-07T16:14:43","slug":"67-bas-rhin","status":"publish","type":"page","link":"https:\/\/ligueechecsgrandest.fr\/?page_id=3397","title":{"rendered":"67 &#8211; Bas-Rhin"},"content":{"rendered":"<table id=\"ctl00_ContentPlaceHolderMain_TableComite\" class=\"page\" cellspacing=\"1\" cellpadding=\"4\">\n<tbody>\n<tr class=\"tableau_violet_c\" valign=\"top\">\n<td align=\"right\" width=\"350px\">Si\u00e8ge Social :<\/td>\n<td><span id=\"ctl00_ContentPlaceHolderMain_LabelAdresse\">C.E.B.R. &#8211; Sebastien Peter<br \/>\n24 Bld Leblois<br \/>\n67000 STRASBOURG<\/span><\/td>\n<\/tr>\n<tr class=\"tableau_blanc\">\n<td align=\"right\" valign=\"top\">T\u00e9l\u00e9phone :<\/td>\n<td><span id=\"ctl00_ContentPlaceHolderMain_LabelTel\">06 67 43 31 84<\/span><\/td>\n<\/tr>\n<tr class=\"tableau_violet_c\" valign=\"top\">\n<td align=\"right\">Fax :<\/td>\n<td><span id=\"ctl00_ContentPlaceHolderMain_LabelFax\">\u00a0<\/span><\/td>\n<\/tr>\n<tr class=\"tableau_blanc\" valign=\"top\">\n<td align=\"right\">E-Mail :<\/td>\n<td><span id=\"ctl00_ContentPlaceHolderMain_LabelEMail\"><a class=\"lien_texte\" href=\"mailto:peter.sebastien@gmx.com\">peter.sebastien@gmx.com<\/a><\/span><\/td>\n<\/tr>\n<tr class=\"tableau_violet_c\" valign=\"top\">\n<td align=\"right\">Site Internet :<\/td>\n<td><span id=\"ctl00_ContentPlaceHolderMain_LabelURL\"><a class=\"lien_texte\" href=\"http:\/\/www.echecs67.com\/\" target=\"_blank\" rel=\"noopener\">http:\/\/www.echecs67.com<\/a><\/span><\/td>\n<\/tr>\n<tr class=\"tableau_blanc\" valign=\"top\">\n<td align=\"right\">Pr\u00e9sidence :<\/td>\n<td><span id=\"ctl00_ContentPlaceHolderMain_LabelPresident\"><a class=\"lien_texte\" href=\"mailto:equipes_mundo@hotmail.fr\">Sebastien PETER<\/a><\/span><\/td>\n<\/tr>\n<tr class=\"tableau_violet_c\" valign=\"top\">\n<td align=\"right\">Secr\u00e9tariat :<\/td>\n<td><span id=\"ctl00_ContentPlaceHolderMain_LabelCorrespondant\"><a class=\"lien_texte\" href=\"mailto:emensch@noos.fr\">Etienne MENSCH<\/a><\/span><\/td>\n<\/tr>\n<tr class=\"tableau_blanc\" valign=\"top\">\n<td align=\"right\">Finances :<\/td>\n<td><span id=\"ctl00_ContentPlaceHolderMain_LabelTresorier\"><a class=\"lien_texte\" href=\"mailto:o.jubin@wanadoo.fr\">Olivier JUBIN<\/a><\/span><\/td>\n<\/tr>\n<tr class=\"tableau_violet_c\" valign=\"top\">\n<td align=\"right\">Responsable elo, comp\u00e9titions :<\/td>\n<td><span id=\"ctl00_ContentPlaceHolderMain_LabelTechnique\"><a class=\"lien_texte\" href=\"mailto:reeb.roland1947@gmail.com\">Roland REEB<\/a><\/span><\/td>\n<\/tr>\n<tr class=\"tableau_blanc\" valign=\"top\">\n<td align=\"right\">Responsable des jeunes :<\/td>\n<td><span id=\"ctl00_ContentPlaceHolderMain_LabelJeune\"><a class=\"lien_texte\" href=\"mailto:annemuller74@hotmail.fr\">Anne MOINGT<\/a><\/span><\/td>\n<\/tr>\n<tr class=\"tableau_violet_c\" valign=\"top\">\n<td align=\"right\">Responsable des scolaires :<\/td>\n<td><span id=\"ctl00_ContentPlaceHolderMain_LabelScolaire\"><a class=\"lien_texte\" href=\"mailto:equipes_mundo@hotmail.fr\">Sebastien PETER<\/a><\/span><\/td>\n<\/tr>\n<tr class=\"tableau_blanc\" valign=\"top\">\n<td align=\"right\">Responsable de l&rsquo;Arbitrage :<\/td>\n<td><span id=\"ctl00_ContentPlaceHolderMain_LabelArbitrage\"><a class=\"lien_texte\" href=\"mailto:didier.carbiener@laposte.net\">Didier CARBIENER<\/a><\/span><\/td>\n<\/tr>\n<tr class=\"tableau_violet_c\" valign=\"top\">\n<td align=\"right\">Responsable de la Mixit\u00e9 :<\/td>\n<td><span id=\"ctl00_ContentPlaceHolderMain_LabelFeminines\"><a class=\"lien_texte\" href=\"mailto:delphine.bergmann@sfr.fr\">Delphine BERGMANN<\/a><\/span><\/td>\n<\/tr>\n<\/tbody>\n<\/table>\n<p>Les clubs : <a href=\"http:\/\/www.echecs.asso.fr\/ListeClubs.aspx?Action=CLUBCOMITE&amp;ComiteRef=67\">http:\/\/www.echecs.asso.fr\/ListeClubs.aspx?Action=CLUBCOMITE&amp;ComiteRef=67<\/a><\/p>\n<p>Les tournois : <a href=\"http:\/\/www.echecs.asso.fr\/ListeTournois.aspx?Action=TOURNOICOMITE&amp;ComiteRef=67\">http:\/\/www.echecs.asso.fr\/ListeTournois.aspx?Action=TOURNOICOMITE&amp;ComiteRef=67<\/a><\/p>\n","protected":false},"excerpt":{"rendered":"<p>Si\u00e8ge Social : C.E.B.R. &#8211; Sebastien Peter 24 Bld Leblois 67000 STRASBOURG T\u00e9l\u00e9phone : 06 67 43 31 84 Fax : \u00a0 E-Mail : peter.sebastien@gmx.com Site Internet : http:\/\/www.echecs67.com Pr\u00e9sidence : Sebastien PETER Secr\u00e9tariat : Etienne MENSCH Finances : Olivier &hellip; <a href=\"https:\/\/ligueechecsgrandest.fr\/?page_id=3397\">Continuer la lecture <span class=\"meta-nav\">&rarr;<\/span><\/a><\/p>\n","protected":false},"author":3,"featured_media":0,"parent":0,"menu_order":0,"comment_status":"closed","ping_status":"closed","template":"","meta":{"_EventAllDay":false,"_EventTimezone":"","_EventStartDate":"","_EventEndDate":"","_EventStartDateUTC":"","_EventEndDateUTC":"","_EventShowMap":false,"_EventShowMapLink":false,"_EventURL":"","_EventCost":"","_EventCostDescription":"","_EventCurrencySymbol":"","_EventCurrencyCode":"","_EventCurrencyPosition":"","_EventDateTimeSeparator":"","_EventTimeRangeSeparator":"","_EventOrganizerID":[],"_EventVenueID":[],"_OrganizerEmail":"","_OrganizerPhone":"","_OrganizerWebsite":"","_VenueAddress":"","_VenueCity":"","_VenueCountry":"","_VenueProvince":"","_VenueState":"","_VenueZip":"","_VenuePhone":"","_VenueURL":"","_VenueStateProvince":"","_VenueLat":"","_VenueLng":"","_VenueShowMap":false,"_VenueShowMapLink":false,"footnotes":""},"class_list":["post-3397","page","type-page","status-publish","hentry"],"aioseo_notices":[],"_links":{"self":[{"href":"https:\/\/ligueechecsgrandest.fr\/index.php?rest_route=\/wp\/v2\/pages\/3397","targetHints":{"allow":["GET"]}}],"collection":[{"href":"https:\/\/ligueechecsgrandest.fr\/index.php?rest_route=\/wp\/v2\/pages"}],"about":[{"href":"https:\/\/ligueechecsgrandest.fr\/index.php?rest_route=\/wp\/v2\/types\/page"}],"author":[{"embeddable":true,"href":"https:\/\/ligueechecsgrandest.fr\/index.php?rest_route=\/wp\/v2\/users\/3"}],"replies":[{"embeddable":true,"href":"https:\/\/ligueechecsgrandest.fr\/index.php?rest_route=%2Fwp%2Fv2%2Fcomments&post=3397"}],"version-history":[{"count":3,"href":"https:\/\/ligueechecsgrandest.fr\/index.php?rest_route=\/wp\/v2\/pages\/3397\/revisions"}],"predecessor-version":[{"id":3425,"href":"https:\/\/ligueechecsgrandest.fr\/index.php?rest_route=\/wp\/v2\/pages\/3397\/revisions\/3425"}],"wp:attachment":[{"href":"https:\/\/ligueechecsgrandest.fr\/index.php?rest_route=%2Fwp%2Fv2%2Fmedia&parent=3397"}],"curies":[{"name":"wp","href":"https:\/\/api.w.org\/{rel}","templated":true}]}}