{"id":3058,"date":"2024-07-19T18:24:50","date_gmt":"2024-07-19T16:24:50","guid":{"rendered":"https:\/\/ligueechecsgrandest.fr\/?page_id=3058"},"modified":"2024-12-01T17:35:44","modified_gmt":"2024-12-01T16:35:44","slug":"elections-lege","status":"publish","type":"page","link":"https:\/\/ligueechecsgrandest.fr\/?page_id=3058","title":{"rendered":""},"content":{"rendered":"<p style=\"text-align: center;\"><strong>Convocation \u00e0 l\u2019Assembl\u00e9e G\u00e9n\u00e9rale Elective de la LEGE<\/strong><br \/>\n<strong>Samedi 14 d\u00e9cembre 2024 \u00e0 partir de 14h00<\/strong><\/p>\n<p style=\"text-align: left;\">Madame la pr\u00e9sidente, Monsieur le pr\u00e9sident,<\/p>\n<p style=\"text-align: left;\">Je vous prie de bien vouloir assister \u00e0 l\u2019assembl\u00e9e g\u00e9n\u00e9rale \u00e9lective de la Ligue des Echecs du Grand Est qui se tiendra le samedi 14 d\u00e9cembre 2024 et qui aura pour objet de renouveler le Comit\u00e9 Directeur de la LEGE pour les 4 ans \u00e0 venir.<\/p>\n<p style=\"text-align: left;\">L\u2019Assembl\u00e9e se tiendra au si\u00e8ge de la LEGE, Maison R\u00e9gionale des Sports \u00e0 Tomblaine<\/p>\n<p style=\"text-align: left;\">\u2022 14h00 : Emargement des repr\u00e9sentants et v\u00e9rification des pouvoirs<br \/>\n\u2022 14h30 : Comptabilisation des pr\u00e9sents<br \/>\n\u2022 14h45 : Ouverture de l\u2019AG Elective<br \/>\n\u25aa Mot d\u2019introduction<br \/>\n\u25aa Vote de renouvellement<br \/>\n\u25aa Pr\u00e9sentation de la nouvelle \u00e9quipe<br \/>\n\u25aa Questions diverses<br \/>\n\u25aa Verre de l\u2019amiti\u00e9<\/p>\n<p style=\"text-align: left;\">Cette \u00e9lection ne voit se pr\u00e9senter qu\u2019une seule liste, aussi l\u2019enjeu est tr\u00e8s limit\u00e9 et je suis conscient qu\u2019un d\u00e9placement \u00e0 Nancy va para\u00eetre superflu pour beaucoup, mais c\u2019est aussi un moment important de la vie de la Ligue et un moment d\u2019\u00e9change direct entre les clubs et le Comit\u00e9 Directeur.<\/p>\n<p style=\"text-align: left;\">Si malheureusement vous ne pouviez pas vous joindre \u00e0 nous, vous avez aussi la possibilit\u00e9 de vous faire repr\u00e9senter en confiant \u00e0 un autre pr\u00e9sident de club votre pouvoir de vote.<\/p>\n<p style=\"text-align: left;\">Dans les circonstances de l\u2019\u00e9lection, le Bureau a pris la d\u00e9cision de ne pas organiser de vote par correspondance, si vous souhaitez vous faire repr\u00e9senter, mais ne savez pas \u00e0 qui envoyer votre pouvoir, vous pouvez l\u2019envoyer sans indication du club recevant via la bo\u00eete mail de la Ligue et nous la confierons \u00e0 un repr\u00e9sentant sur place.<\/p>\n<p style=\"text-align: left;\">Bien \u00e0 vous,<\/p>\n<p style=\"text-align: left;\">Eric DELMOTTE<br \/>\nPr\u00e9sident de la Ligue des Echecs du Grand Est<\/p>\n<p>Convocation \u00e0 l&rsquo;AG : <a href=\"http:\/\/ligueechecsgrandest.fr\/wp-content\/uploads\/2024\/12\/convocationaglege14122024.pdf\">convocationaglege14122024<\/a><\/p>\n<p>Pouvoir : <a href=\"http:\/\/ligueechecsgrandest.fr\/wp-content\/uploads\/2024\/12\/pouvoiraglege14122024.pdf\">pouvoiraglege14122024<\/a><\/p>\n<p>Liste des candidats : <a href=\"http:\/\/ligueechecsgrandest.fr\/wp-content\/uploads\/2024\/12\/listecandidatsaglege14122024.pdf\">listecandidatsaglege14122024<\/a><\/p>\n","protected":false},"excerpt":{"rendered":"<p>Convocation \u00e0 l\u2019Assembl\u00e9e G\u00e9n\u00e9rale Elective de la LEGE Samedi 14 d\u00e9cembre 2024 \u00e0 partir de 14h00 Madame la pr\u00e9sidente, Monsieur le pr\u00e9sident, Je vous prie de bien vouloir assister \u00e0 l\u2019assembl\u00e9e g\u00e9n\u00e9rale \u00e9lective de la Ligue des Echecs du Grand &hellip; <a href=\"https:\/\/ligueechecsgrandest.fr\/?page_id=3058\">Continuer la lecture <span class=\"meta-nav\">&rarr;<\/span><\/a><\/p>\n","protected":false},"author":3,"featured_media":0,"parent":0,"menu_order":0,"comment_status":"closed","ping_status":"closed","template":"","meta":{"_EventAllDay":false,"_EventTimezone":"","_EventStartDate":"","_EventEndDate":"","_EventStartDateUTC":"","_EventEndDateUTC":"","_EventShowMap":false,"_EventShowMapLink":false,"_EventURL":"","_EventCost":"","_EventCostDescription":"","_EventCurrencySymbol":"","_EventCurrencyCode":"","_EventCurrencyPosition":"","_EventDateTimeSeparator":"","_EventTimeRangeSeparator":"","_EventOrganizerID":[],"_EventVenueID":[],"_OrganizerEmail":"","_OrganizerPhone":"","_OrganizerWebsite":"","_VenueAddress":"","_VenueCity":"","_VenueCountry":"","_VenueProvince":"","_VenueState":"","_VenueZip":"","_VenuePhone":"","_VenueURL":"","_VenueStateProvince":"","_VenueLat":"","_VenueLng":"","_VenueShowMap":false,"_VenueShowMapLink":false,"footnotes":""},"class_list":["post-3058","page","type-page","status-publish","hentry"],"aioseo_notices":[],"_links":{"self":[{"href":"https:\/\/ligueechecsgrandest.fr\/index.php?rest_route=\/wp\/v2\/pages\/3058","targetHints":{"allow":["GET"]}}],"collection":[{"href":"https:\/\/ligueechecsgrandest.fr\/index.php?rest_route=\/wp\/v2\/pages"}],"about":[{"href":"https:\/\/ligueechecsgrandest.fr\/index.php?rest_route=\/wp\/v2\/types\/page"}],"author":[{"embeddable":true,"href":"https:\/\/ligueechecsgrandest.fr\/index.php?rest_route=\/wp\/v2\/users\/3"}],"replies":[{"embeddable":true,"href":"https:\/\/ligueechecsgrandest.fr\/index.php?rest_route=%2Fwp%2Fv2%2Fcomments&post=3058"}],"version-history":[{"count":6,"href":"https:\/\/ligueechecsgrandest.fr\/index.php?rest_route=\/wp\/v2\/pages\/3058\/revisions"}],"predecessor-version":[{"id":3907,"href":"https:\/\/ligueechecsgrandest.fr\/index.php?rest_route=\/wp\/v2\/pages\/3058\/revisions\/3907"}],"wp:attachment":[{"href":"https:\/\/ligueechecsgrandest.fr\/index.php?rest_route=%2Fwp%2Fv2%2Fmedia&parent=3058"}],"curies":[{"name":"wp","href":"https:\/\/api.w.org\/{rel}","templated":true}]}}